e 0 = 725*z - 716*z - 104742. What is the hundreds digit of z?
6
Suppose 9*d + 1883 = z + 14*d, z - 1910 = 4*d. What is the thousands digit of z?
1
Let u(s) = 5*s**2 - s + 3. Let k be u(1). Suppose 10314 = k*v - v. Suppose -11*l = -316 - v. What is the units digit of l?
5
Suppose -2*o - 128 = -2*a, 4*o - 3*a + 250 = -2*a. Let v = 65 + o. Suppose -l = v*u - 45, 4*u = -3*l + 159 - 14. What is the tens digit of l?
5
Suppose -2*k + 3196 = b, 9564 = 3*b + 7*k - 9*k. What is the tens digit of b?
9
Let x(h) = -2181*h**3 - 96*h**2 - 95*h. What is the thousands digit of x(-1)?
2
Let z = 31802 + -22015. What is the units digit of z?
7
Let z(i) = -i**2 - 2*i - 1. Let a(m) = -9*m**2 - 5*m - 44. Let q(v) = -a(v) - 2*z(v). What is the tens digit of q(-7)?
2
Let i = 5380 - 3075. Suppose -1548 = -2*l - 2*g - 18, 3*l - i = -g. What is the hundreds digit of l?
7
Let z(c) = 3251*c**2 + 17*c - 2. What is the thousands digit of z(1)?
3
Let v be 3*4/16*-96. Let d = v + 77. Suppose -3*a = 3*p - 309, 0 = -d*a - 2*p + 5*p + 555. What is the hundreds digit of a?
1
Let x(f) = 54*f - 2. Let t(r) = 107*r - 3. Let u(o) = 4*t(o) - 9*x(o). Let k be u(3). Let p = k - -257. What is the units digit of p?
9
Suppose 5*k - 15385 = -12*k. Let s = k + -509. What is the tens digit of s?
9
Let w(p) = 3*p**2 - 7*p - 19. Suppose -j + 3 = -7. Let n be w(j). Suppose 2*m + 75 = 2*h + n, 3*m - 214 = -2*h. What is the tens digit of m?
7
Let l = 265 - -641. What is the tens digit of l/4*46/23?
5
Let q be 3 + (12/4 - 68). Let a = 66 + q. Suppose d = -t + 100 + a, 12 = 4*d. What is the units digit of t?
1
Let q(r) = 5*r**2 - 34*r + 367. What is the thousands digit of q(-29)?
5
Suppose -t - k - 4 = -6, 5*k = 3*t - 22. What is the units digit of (-2 + t)/(-8*(-9)/9252)?
7
Let r(f) = -f**2 + 23*f - 16. Let o(v) = -2*v**2 + 45*v - 33. Let m(g) = 3*o(g) - 7*r(g). What is the units digit of m(32)?
5
Let i = 2247 + -1217. Suppose 6*p + i = 11*p. What is the tens digit of p?
0
Let k = 149 + -37. Suppose -119*h + 406 = -k*h. What is the units digit of h?
8
Let u be 1062/15*120/16. Let b(a) = -37*a + 7. Let n be b(-10). Let o = u - n. What is the units digit of o?
4
Let x = -9062 - -13333. Suppose 14*o = x - 757. What is the hundreds digit of o?
2
Suppose 0 = -10*v - 355 - 685. What is the tens digit of v/(-12)*(-21)/(-2)?
9
Let d = 120673 - 76284. What is the ten thousands digit of d?
4
Let s = -7147 + 15619. What is the units digit of s?
2
Suppose -13*b + 0*b + 19097 = 0. Let l = -1040 + b. What is the units digit of l?
9
Let d(i) = 2*i**2 - 2*i - 1. Let p be d(2). Suppose 5*b = -p*r - 180, 2 = -r - b - 56. Let n = 76 + r. What is the units digit of n?
1
What is the hundreds digit of 3536/(-182) + 20 - (-141042)/14?
0
Suppose -5*b + 4*i + 1219 = 0, -5*i - 1215 = -3*b - 2*b. Let w = b + -69. What is the units digit of w?
8
Suppose 0 = 3*o - 5*n - 161991, 3*n = 3*o + 8*n - 161991. What is the units digit of o?
7
Suppose n - 19 = 3*o, -4*n = -n - o - 17. Suppose -3*t + 1609 = n*s, -2*t + 321 = 5*s - 747. What is the hundreds digit of t?
5
Let h = 15165 - -18. What is the ten thousands digit of h?
1
Let h(o) = 7*o + 58. Let j be h(-8). Suppose -345 - 215 = -n - j*v, 3*n - 1685 = -5*v. Let k = n - 327. What is the hundreds digit of k?
2
Let y(w) = -w**3 + 5*w**2 - 4*w + 4. Let k be y(4). Suppose -15 = -3*r, r - 4 = k*z + 29. What is the tens digit of 3 + (1 - 1) + 175 + z?
7
Let i be (4756/(-24) - -1) + (-1)/(-6). Let c = i - -299. What is the units digit of c?
2
Let n(a) = -931*a - 1413. What is the thousands digit of n(-9)?
6
Let g(p) be the third derivative of p**5/15 + 29*p**4/24 - 2*p**2 + 22*p. What is the tens digit of g(-23)?
4
Let t = 27 - 40. Suppose 3*q - 477 = -3*b, 3*q + b - 5*b = 463. Let o = q + t. What is the units digit of o?
4
Suppose 6*s + s = -203. Let q = s + 32. Suppose q*c + 47 = 2*v + 141, 2*c - 3*v = 66. What is the units digit of c?
0
Let b be 8/(-16)*14 + 1093. Suppose -9*x = -12333 - b. What is the units digit of x?
1
Suppose -3*v = -4*o - 85287, 5*o - 121183 = -4*v - 7529. What is the thousands digit of v?
8
Suppose 0 = 9*w + 5*n - 396242 - 80563, 0 = -2*w - 5*n + 105945. What is the hundreds digit of w?
9
Let b(g) be the third derivative of 37*g**4/12 - 275*g**3/6 - g**2 - 118*g. What is the units digit of b(15)?
5
Suppose -4*w + 28 = -p + 5*p, 3*p = w + 13. Let v(h) = -22 + 5*h**w + 2*h**2 + 4*h - 4*h**2. What is the tens digit of v(-9)?
8
Suppose 0 = -2152*q + 2139*q + 26377. What is the units digit of q?
9
Let w be (-6)/14 - 243/21. What is the tens digit of 3/(-2) + ((-3402)/w - 3)?
7
Let t = 1325 - -1623. What is the units digit of t?
8
What is the units digit of (-20 + -80)*-172 - 11?
9
Suppose -8*i - 37 = -5. Let s = i - -2. What is the hundreds digit of (80/(-8))/((-88)/42 - s)?
1
Suppose 14*d - 78137 = 31833. What is the thousands digit of d?
7
Let z = 108481 + -71904. What is the thousands digit of z?
6
Let h = -10 + 16. Suppose -h*r + 14 = 2. What is the tens digit of r/1 + (-960)/(-15)?
6
Let l be (-6)/(-2)*(-60)/18. Let k(z) = z**3 + 10*z**2 + z + 24. Let w be k(l). What is the units digit of w*4/8*1*3?
1
Suppose 2*l - 278508 = -5*v, 338*l + 55712 = v + 341*l. What is the ten thousands digit of v?
5
Suppose 1511948 - 363773 = 25*c. What is the units digit of c?
7
What is the units digit of -94*((-36)/36)/(4/1304)?
4
Let j(s) = s**3 + 5*s**2 - 78*s + 28. Let g be j(-15). What is the tens digit of (g/6)/(5/(-15))?
2
Suppose -c + 19 - 17 = 0. Let l(n) = 95*n**2 + 3*n + 3. What is the units digit of l(c)?
9
Let r(v) = -7*v - 3*v**3 - 47 - 6*v - 3*v**2 + 4*v - 6*v. What is the hundreds digit of r(-5)?
3
Let h(q) be the second derivative of 439*q**3/6 - 115*q**2/2 - 67*q. What is the thousands digit of h(3)?
1
Suppose 4 - 4 = -p. Suppose p = -g + 15*g - 4102. What is the tens digit of g?
9
Suppose 17*y = -19*y - 900. Let p = 36 + y. What is the tens digit of p?
1
Let m be (7 - 2)/(5/(-10)) - -1. Let g = m - 56. Let q = 74 - g. What is the units digit of q?
9
Suppose 0 = -469*h + 471*h - 14, 0 = -4*x - 2*h + 38242. What is the hundreds digit of x?
5
Let j be (24339/(-366))/(((-2)/4)/(-1)). Let m = j + 589. What is the hundreds digit of m?
4
Suppose 11*o = 8*o + 1212. Let k = -198 + o. What is the tens digit of k?
0
Let z(b) = b**3 + 5*b**2 - 11*b + 10. Let x be z(-6). Suppose x*c = 36*c + 184. Let d = c - -119. What is the tens digit of d?
6
Let a = 25719 - 7050. What is the hundreds digit of a?
6
Let l(v) = -3289*v + 374. What is the thousands digit of l(-9)?
9
Let k = -19787 + 3699. Let o be (-9)/6 + k/(-16). What is the tens digit of (-6)/15 + o/10?
0
What is the hundreds digit of 4*((-156325)/(-111) - (-4)/6)?
6
Let o = 128 + -118. Suppose -4*u + 3782 = -3458. Suppose o*p - 20*p + u = 0. What is the tens digit of p?
8
Let s be (-9)/3 + (-11 - -22). Let b(m) = 30*m - 121. What is the hundreds digit of b(s)?
1
Suppose -4*g = -13*g - 30348. What is the units digit of 8/((-64)/g) - (-3)/(-2)?
0
Suppose 3 = -l + 2*h, 3*l - 4 = 5*l - 5*h. Let a(t) = 31*t**2 + 23*t + 4. What is the units digit of a(l)?
2
Let o be (4/6 + 15/(-9))*-3. Suppose -2*n - n - 5*x = -1368, -2*x + 1368 = o*n. What is the units digit of n?
6
Let i = 29 - 25. Suppose -2*l + 24 = -4*j - i, -4*j = 3*l - 52. Suppose 4*r - 28 = l. What is the units digit of r?
1
Suppose -4*k + 12*k - 6000 = 0. Suppose k = -22*p + 27*p. Suppose 16*y - p = 13*y. What is the tens digit of y?
5
Let z = 7703 + -6438. What is the units digit of z?
5
Let y(p) = -p**3 + 6*p**2 - 2*p + 9. Let t be y(6). What is the units digit of (-4 + 3)*3 + t + 107?
1
Suppose -2*h + 1912 = g + 9, 0 = -3*g + 3. Suppose w + h = -2*w. Let o = -212 - w. What is the tens digit of o?
0
Suppose 12*p = 11*p - 4. Let a be p/8*(-18)/3. Suppose -2*r - 4*g + 102 = 0, a*r + 2*g = 3*g + 188. What is the units digit of r?
1
Let h(w) be the second derivative of 2*w**4/3 - 11*w**3/3 + 3*w**2 + 20*w. What is the tens digit of h(6)?
6
Let u = 881 + -886. Let l(a) = -413*a - 355. What is the units digit of l(u)?
0
Suppose -19*h + 15*h + 8 = 0. Suppose h*z - 19 = 25. What is the units digit of z?
2
Suppose 3*o - 21 = 4*l, 3*o = 2*l - 14 + 41. Suppose -1960 = o*q - 16*q. What is the tens digit of q?
9
Let k be ((-1)/(-3))/((-2)/(11 + -65)). Suppose -736 = k*r - 13